15 (base 13) in base 3?
10112012000211
-11101201 (base 5) to base 2
-10111101100011011
Convert 121312103 (base 4) to base 2.
11001110110010011
What is -1a36949 (base 11) in base 8?
-15065162
-5186874 (base 10) to base 3
-100202112001110
-39275 (base 10) to base 13
-14b52
Convert -172b1b1 (base 13) to base 14.
-dd5d54
Convert 1232331021 (base 4) to base 13.
12bb26
33131200110 (base 4) to base 16
3dd814
What is 3186d2 (base 14) in base 4?
12120333000
Convert 21333213 (base 6) to base 10.
634473
Convert b7b68 (base 14) to base 15.
8b872
What is 123130221 (base 4) in base 15?
234a0
Convert -51012230 (base 6) to base 16.
-1618da
Convert 780445 (base 10) to base 16.
be89d
Convert -1720144 (base 12) to base 4.
-102030123010
Convert -40609f (base 16) to base 6.
-230232331
-12314101 (base 7) to base 9
-2075771
Convert -1374769 (base 10) to base 3.
-2120211211101
23429 (base 12) to base 15
e010
Convert 267c6a (base 15) to base 16.
1c365d
What is -19a076 (base 15) in base 12?
-502879
Convert 102110122002 (base 3) to base 16.
371ba
27501 (base 15) to base 7
1033231
What is -11110100110011110011010 (base 2) in base 6?
-443534254
Convert a0313 (base 14) to base 10.
384765
What is 1472227 (base 11) in base 2?
1001100111100001100001
Convert 3a8500 (base 11) to base 2.
10011100011100110000
What is -15483 (base 9) in base 15?
-3220
What is -1a0153 (base 13) in base 12?
-278358
Convert -1015130 (base 7) to base 11.
-8359a
What is 706051 (base 9) in base 6?
12542031
Convert -1356bc (base 13) to base 3.
-212211112012
Convert -15a7875 (base 11) to base 10.
-2733593
What is -1a4cbd (base 14) in base 15?
-1372a4
Convert -424211412 (base 5) to base 3.
-10100212011110
1a9a40 (base 15) to base 8
4747606
Convert -120201101211 (base 3) to base 12.
-12b064
Convert 273354 (base 10) to base 6.
5505310
Convert -1413615 (base 7) to base 8.
-560305
Convert -5054505 (base 7) to base 12.
-250380
-4bddec (base 15) to base 8
-15710065
What is 20d8d (base 15) in base 14?
2a028
What is 233304024 (base 5) in base 10?
1072389
41192 (base 12) to base 11
58896
What is -100111111011100 (base 2) in base 13?
-93c8
Convert -114154 (base 16) to base 8.
-4240524
-1b82d (base 15) to base 10
-89593
Convert -375e30 (base 15) to base 8.
-12074632
Convert 11002100222212 (base 3) to base 13.
5b0a6c
What is -7263ba (base 12) in base 3?
-10101011020021
What is -35022441 (base 8) in base 6?
-431051133
-4552323 (base 6) to base 13
-81ac8
-24112420 (base 5) to base 16
-3668c
1100010100111000110111 (base 2) to base 15
43c642
What is 111101100010110 (base 2) in base 8?
75426
11010100100110010 (base 2) to base 5
11440400
-317152 (base 10) to base 5
-40122102
Convert -11154510 (base 6) to base 16.
-5378a
What is -137657 (base 9) in base 16?
-14995
100000011011010011101 (base 2) to base 13
2b2842
-276a27 (base 14) to base 2
-101001100110001001011
-367542 (base 8) to base 6
-2415042
Convert 44046360 (base 8) to base 7.
143245036
What is 10011211001 (base 3) in base 4?
33101200
What is 2b361 (base 12) in base 14?
18321
15613222 (base 7) to base 15
1ee384
What is -10100111011001000 (base 2) in base 5?
-10220304
What is -245710 (base 8) in base 4?
-110233020
Convert 5c8653 (base 16) to base 9.
12361743
Convert -2440114 (base 5) to base 4.
-23103030
What is -110101100100011001 (base 2) in base 16?
-35919
Convert 42544764 (base 8) to base 3.
122010002220121
What is -3544352 (base 6) in base 16?
-2d2cc
What is 1314134021 (base 5) in base 6?
154040052
Convert 3434160 (base 7) to base 8.
1505451
What is -11110110101111101 (base 2) in base 11?
-86a09
-460c8 (base 13) to base 10
-127590
-125a0 (base 13) to base 2
-1000010010001010
What is 31013140 (base 5) in base 6?
5214125
42641 (base 15) to base 8
633345
-430431 (base 7) to base 9
-123353
Convert -14030212 (base 5) to base 7.
-1132422
-9d713 (base 15) to base 14
-d0885
423446 (base 8) to base 11
97008
What is 76973 (base 11) in base 3?
12200010220
Convert -2848843 (base 9) to base 6.
-53335233
Convert -241a (base 16) to base 4.
-2100122
What is -715882 (base 10) in base 16?
-aec6a
-23017 (base 13) to base 10
-63733
-314050032 (base 6) to base 4
-111001223210
-d9fdf (base 16) to base 9
-1610735
Convert -b349c (base 14) to base 2.
-1101001011001110010
34344 (base 11) to base 6
1021522
What is -8482 (base 10) in base 15?
-27a7
Convert 1133634 (base 7) to base 12.
6a913
Convert -11232232202 (base 4) to base 7.
-15524225
What is -2fcf0f (base 16) in base 2?
-1011111100111100001111
Convert -7556c (base 14) to base 8.
-1052074
What is a86071 (base 13) in base 15?
531b62
What is 21132021 (base 6) in base 5?
124244022
1345 (base 7) to base 5
4043
What is -1041153 (base 8) in base 5?
-32413042
What is -1123203000 (base 4) in base 9?
-631330
What is 93e5a (base 15) in base 3?
212211022211
Convert 20206 (base 12) to base 15.
c596
Convert 52613 (base 10) to base 16.
cd85
What is 1444725 (base 8) in base 11?
2616a2
What is 11102121102 (base 3) in base 15?
1ac7e
What is 1c813 (base 13) in base 16?
dbe5
Convert 705908 (base 16) to base 3.
111212001220012
Convert 131133100 (base 4) to base 5.
12331114
What is -1441b (base 14) in base 3?
-2112212022
What is 1032672 (base 10) in base 6?
34044520
What is -69e0c (base 16) in base 9?
-730802
What is 1000210121223 (base 4) in base 3?
1011211221112120
-185764 (base 14) to base 2
-11010010000010101100
-170547 (base 8) to base 6
-1154035
-1431023 (base 5) to base 10
-30138
What is 12666b (base 14) in base 8?
2323107
Convert -735268 (base 11) to base 4.
-10133222023
Convert 1340011 (base 5) to base 3.
1101201202
What is 11333302022 (base 4) in base 16?
17fc8a
What is 312010331022 (base 4) in base 10?
14176074
What is -16845713 (base 9) in base 12?
-2a08263
-110001010011010 (base 2) to base 12
-12736
What is -422244142 (base 5) in base 2?
-110101101100001000001
Convert 2c6928 (base 13) to base 9.
2055883
Convert -1898579 (base 10) to base 6.
-104405415
-4b262 (base 13) to base 5
-13420304
Convert 743922 (base 10) to base 5.
142301142
-3100143 (base 6) to base 16
-2415f
What is 65443 (base 8) in base 12?
13a57
Convert 1a52b6 (base 15) to base 11.
7a7034
What is -221123011 (base 4) in base 2?
-101001011011000101
What is -1140001 (base 11) in base 14?
-39b90d
Convert -8531 (base 9) to base 8.
-14171
Convert -61374 (base 13) to base 15.
-36910
-1a5d776 (base 14) to base 11
-7463031
Convert -20225042 (base 6) to base 12.
-23b182
100000111110101101 (base 2) to base 11
92545
What is 11513377 (base 10) in base 5?
10421412002
What is -1c34371 (base 13) in base 6?
-532553511
What is 7b74 (base 12) in base 9?
20787
Convert -1a0959 (base 12) to base 13.
-130359
What is -40226 (base 7) in base 12?
-5762
Convert 27a539 (base 15) to base 2.
111010001110101010110
What is 76998 (base 15) in base 5?
44024133
Convert 426817 (base 9) to base 10.
254356
2ba9361 (base 12) to base 4
202010302321
Convert 751971 (base 11) to base 4.
10211231310
What is 548967 (base 10) in base 14?
1040bd
215aa (base 12) to base 13
17086
Convert 23c36 (base 15) to base 5.
12123001
Convert 1472577 (base 8) to base 7.
3412045
Convert -16640c (base 14) to base 12.
-31a750
What is 2031654 (base 10) in base 14?
3ac582
What is 1459b4 (base 12) in base 8?
1233530
330211031 (base 5) to base 8
5310222
What is 1001011010101100 (base 2) in base 12?
1a3a4
-43950 (base 11) to base 9
-106338
1b788d7 (base 14) to base 9
27758260
What is 897878 (base 15) in base 3?
110100002100212
b4112 (base 12) to base 10
235166
What is 4216730 (base 8) in base 4?
10101313120
What is -565154 (base 12) in base 14?
-27bd96
What is 2524613 (base 7) in base 5?
40411221
What is -852559 (base 12) in base 4?
-20000112111
bd3c7 (base 16) to base 13
211a5c
What is -133320a (base 14) in base 9?
-18383704
-16303310 (base 8) to base 15
-4e70c1
Convert 100222024 (base 5) to base 9.
666434
-236130 (base 9) to base 12
-6a3b3
What is -1c85a5 (base 14) in base 16?
-f97c5
Convert 156094 (base 11) to base 2.
111011001010101001
Convert 31243030 (base 6) to base 8.
3355132
What is -1743445 (base 8) in base 6?
-14531513
What is -250050122 (base 6) in base 5?
-2204443232
2231210300 (base 4) to base 14
14714c
Convert -1202222100010 (base 3) to base 8.
-3464255
What is -22021254 (base 6) in base 13?
-19c831
Convert 838204 (base 12) to b